+ -11)) - (-1 + 7)?
103
(10 - 113) + (24 - (15 - -4)) - 2
-100
What is -7 + -9 + 0 + -1 - (67 + -58)?
-26
Evaluate (467 - 497) + (2 - -30).
2
What is the value of (27 - 8) + -4 - (25 + -42)?
32
-60 + 16 - (79 - 77)
-46
Evaluate 23 + -35 - (-1 + 8 + -6 + -8) - -69.
64
What is 52 + -31 + -126 - -196?
91
What is the value of (4 + (-44 - (-34 + 6)) - (0 - 1)) + 23?
12
Evaluate -6 + 97 + (-12 - 34).
45
Evaluate (-15 - 6) + -39 + 7 + 40.
-13
Evaluate 1785 - 1837 - (-2 + 4).
-54
What is -52 - (-82 + 32 + 47)?
-49
Calculate (-20 + (48 - 52) - 20) + -36.
-80
Evaluate -5 - 20 - (9 - 19) - -12.
-3
Calculate -6 + (-17 + 49 - 13) - 20.
-7
Evaluate -36 + (79 - 10) + -22 + 133.
144
Calculate (-11 - (4 - (23 - 12 - -3))) + 5.
4
What is the value of 0 - (-3 + 1 - -32) - ((-101 - -52) + 51)?
-32
Calculate 22 + -14 + (7 + -16 - -30).
29
(-2 - -26) + 28 + (18 - 88)
-18
What is the value of -134 + 108 + (-166 - -62)?
-130
(8 - (-14 + 52)) + 1 + 9
-20
What is the value of -38 + 61 + -23 + 35?
35
Evaluate (-170 - (-166 + 2)) + -3 + 1.
-8
46 + -4 + 4 + -1659 + 1670
57
What is (28 - (62 + -46) - (1 - -135)) + 6?
-118
Calculate 556 + -601 + 8 + -3.
-40
Calculate 1 + -22 - (2630 + -2663).
12
Calculate -18 + -10 + (33 - 4).
1
What is the value of 3 + -57 - (-4629 + 4639)?
-64
Evaluate -27 + (63 - 35) + (2 - 20) - 12.
-29
Calculate 1 + 1 - ((-29 - (-11 - 5)) + 3 + -4).
16
Evaluate -7 + 6 + 2 + (15 - 9) + 41.
48
Calculate -676 - -658 - (-9 - -2).
-11
What is 29 + 1 + -26 - -16?
20
Evaluate 32 + (-1516 - -1508 - (-11 - 4 - (-2 + 1))).
38
What is -8 - (166 + -160 - (-4 - -1) - 5)?
-12
What is the value of 21 - (-10 - 9) - (-73 + 89)?
24
What is -39 - ((-119 - -49) + -19)?
50
What is 6 + 1 + (34 - 13 - 79) + 9?
-42
Evaluate 9 - 8 - -21 - ((13 - 8) + 3 - 10).
24
Calculate (9 - 143) + (72 - (25 - -43)).
-130
What is the value of -1641 - -1668 - (-2 - -84)?
-55
What is the value of (-25 - (-20 + -67)) + (-9 - 24)?
29
What is -93 + 57 + 124 + (-13 - 12)?
63
20 - 7 - (3 + (3 - 5) + -98 + 29)
81
Calculate (13 + 3 - 20 - -30) + -56.
-30
What is the value of -12 + 1 - (11 + -89 + (30 - 48))?
85
-7 + -24 + (-9 - -38) + (-10 - 2)
-14
Evaluate -9 + 10 + -8 - (62 + -5 - 15).
-49
What is the value of -7 + (159 + -164 - (-10 - 0)) + 25?
23
What is -128 - (-102 + -30) - (1 + 58)?
-55
What is the value of -4 + 47 + -51 + (2 - 0 - 5)?
-11
Evaluate (1 + -6 - (9 - (-6 - (-2 + -7)))) + -81.
-92
What is the value of (-19 - (-35 + -27) - -12) + 2?
57
Evaluate (568 - 584) + (1 - -11) + -13.
-17
Evaluate -64 + (-279 + 153 - -274).
84
What is the value of (-109 - -45) + 197 - (1 + 22)?
110
What is the value of 1 + 34 + (-3554 - -3508)?
-11
What is -5853 + 5833 + (-1 - 0) + -9?
-30
Calculate (-1 - 0) + (242 - 290 - (-14 - -7)).
-42
Calculate (85 - 63) + -56 + 72 - (-1 + -6).
45
What is 2 + -4 + -2 + 21 + (-18 - -36)?
35
Evaluate 104 + (-89 - -35) - 14.
36
What is -86 - (-51 - -9) - ((1 - 1) + 3)?
-47
What is the value of -3 + (25 - -2) + (34 - 13) + -12 - 6?
27
What is 26 + -25 - -100 - 121?
-20
98 - 2 - (-5713 + 5769)
40
What is the value of 6 + 4 + -9 + -33 + -5 + 14?
-23
Evaluate (-96 - -49) + (-6 - -13) + 3 + 1.
-36
Evaluate -37 + 25 + -4 + (-5 + 8 - 7).
-20
What is the value of -41 + -1 + (4 - -1) + 6 + -3?
-34
What is the value of (-494 + 498 - (-8 + 1)) + (1 - 10)?
2
Evaluate -12753 + 12775 - (1 + 0 + -2 - 8).
31
What is the value of (-21 + 0 - -2) + -16 + (90 - 66)?
-11
What is the value of 54 + (101 + -27 - 125)?
3
What is the value of (4 - (-12 + 3)) + (17 - (9 - 4)) + 46?
71
What is the value of -21 + 0 + (910 - 897) + 127?
119
Calculate 13 + 63 + -77 + 14.
13
What is the value of 3 - 0 - 7 - ((2 - -85) + -59)?
-32
Evaluate -21 + (2 - (1 - (2 - -8) - (-552 + 539))).
-23
Evaluate -7 + -12 - ((30 - 12) + -59).
22
Evaluate -1 + 1 - -111 - (104 - 83 - -22 - 50).
118
What is -60 + (-5 - -1 - (52 + -53)) + (-8 - -19)?
-52
What is the value of 17 + 17 - (79 - 43)?
-2
Evaluate 5409 + -5439 + (1 - -1 - -104).
76
What is (-11 - 0 - (-192 - -132)) + 23?
72
What is -40 + (6 - 15 - (24 - 48))?
-25
What is 7 + 1 - (76 + -30 - (-95 + 47))?
-86
Calculate (0 - -10) + (-15 - -36 - 27) - (48 + -4).
-40
-78 + -183 - -120 - (-20 - -2)
-123
Evaluate 21 - (65 + -181 - -130).
7
33 + 49 - 205 - -50
-73
Evaluate -3 + (-4 - 0) - (1624 + -1573).
-58
Calculate (-2 - (-1 + -11 - (3 - 1))) + 9382 + -9377.
17
24 + 36 - 53 - (1 + -1 + -20)
27
(1 - -117) + 18787 + -18818
87
Calculate 185 + -116 + 23 + -21.
71
(7 - (9 + 1 - 8)) + -11 + 2 + 52
48
-2 - (11 + -5 + (-8 - -6) + 2)
-8
What is 52 + 4 + -3 + (-8 - -4) + 50 + -53?
46
Calculate 1 + 222 - (22357 + -22224).
90
-12 - (-8 + (-2 - 0) - -21)
-23
What is the value of -34 - -124 - -61 - 65?
86
What is (-118 - (-77 - -38)) + 2?
-77
Calculate (-62 + 35 - -47) + (0 - (-3 - -1)).
22
What is the value of 51 - (51 - 38) - 75?
-37
Evaluate -215 + 217 + (0 - 28) - -93.
67
What is (14 - -3) + -3 + 7 + (-59 - -69) - -3?
34
What is the value of (6 - (-27 + 22) - -30) + -3 + 0?
38
What is the value of -100 - (-42 - 19) - (23 - 3)?
-59
What is 262 - 2 - (-3344 + 3471)?
133
Evaluate (-35 + 100 - 93) + 57.
29
What is -2412 - -2478 - (55 + 3)?
8
What is the value of -2 - -24 - ((-165 - -168) + (3 - 0))?
16
What is (1 - 6 - 1) + -383 + 400 + -25?
-14
What is the value of -31 + (-12 - (-2 + -13)) + 16?
-12
(-42 - -7) + (312 - 224)
53
What is (-13 - 1) + -34 + (20 - 2)?
-30
Calculate -139 + 65 + -21 - -37.
-58
What is 1 + 0 + (-2 - -1) + 31 + 23 + 25?
79
Calculate (28 - (-14 + 51)) + (27 - 107 - (0 - -5)).
-94
What is the value of 66 + (88 - 140) - 64?
-50
Evaluate -61 + 46 + (-3 - -11) + -1 + 4.
-4
Evaluate 30 + 11 + 52 + -50.
43
-13 + (20 - 17) - (33 + 16)
-59
What is -15 + (1 - (-61 + 1 + (14 - 2))) + 4?
38
Evaluate -62 + (12 - 2 - (-15 - -4) - 7).
-48
What is 22 + (7 - 24) + (-153 - -160)?
12
What is -69 - -63 - (-1 + -4 - 31) - -7?
37
Evaluate 9 - ((12 - 1) + (16 - (4 + 0))).
-14
What is (5360 - 5340) + (3 - 130)?
-107
Evaluate 56 - (86 + -92 - -7).
55
What is the value of -36 - (71 - 42) - (5 + 12 - 6)?
-76
-5 + 4 - (-9 + -5 - -4) - (42 + 3)
-36
What is -52 - ((-12 - (-1 - 6)) + 13 + (1 - 6))?
-55
Evaluate -42 - ((-17 - 4) + 20 - 11).
-30
What is the value of -11 + (15 + -17 + 128 + -12 - 4)?
99
What is the value of 99 + -35 + (-27 - -33) + -3?
67
Evaluate 11 - (-4 + (7 - (-12 + 17))) - -19.
32
Calculate 38 + (-27 - (18 - 25)) + -33.
-15
0 + 11 + (35 - (-19 - -24 - -8)) + 1
34
What is the value of 16 + -108 + 6 + -11 + 32 + -11?
-76
Calculate -5 + -7 + 7 + -10 + 7 + 145 + -65.
72
What is the value of -10 + (-26 - -26) + (18 - 2) + 0?
6
-73 - (30 - 14) - (22 + -45)
-66
What is the value of -18 + 6 + (20 - -9) - (-13 + 26)?
4
Calculate -26 + -81 + 58 + (-75 - -28).
-96
773 + -748 - (0 + (14 - 3) - (0 - -4))
18
2 - 4 - ((2 - 3) + -5) - (1160 - 1127)
-29
Calculate -29 - (91 - 87 - (-1 - 17)).
-51
Evaluate -33 + ((-5 - -8) + -7 - 10) + 21.
-26
-45 + 4 + 5 + -13
-49
What is 2 - ((-12 - 5) + -6 + 5 + 3 + 1)?
16
What is the value of 12 + (-11 - (4 - (10 - (9 - 2))))?
0
Calculate (-124 - -129) + (-6 - 11).
-12
-4 + -11 - (96 - (-1 + -2 + -61 + 53))
-122
21 + -57 + 3 + 31 - (77 - -1)
-80
What is the value of 21 + -63 - (-9 + -53)?
20
What is the value of -13 - 1 - (16 + (36 - 22) + -39)?
-5
What is the value of (-36 - (-20 + -1 - -5) - -10) + (-60 - 3)?
-73
15 + (-39 - -15) + 4 + -9 + -23
-37
Evaluate -57 - -42 - (-55 - (-8 + 5)).
37
What is -14 + 31 + -38 - -21 - (2 + 40) - 1?
-43
What is -9 + -1 - (44 + -61 + 45)?
-38
Calculate (32 - 44) + (-6 - (-23 + 14) - 10).
-19
Evaluate -2 + (-3 - (0 - 21)) - (136 - 125).
5
Calculate (9 + -2 + 8 - 17) + -42.
-44
What is the value of 112 - (144 - -63) - (-7 + -11)?
-77
Calculate 107 - ((-4 - -21) + -7 + 6 + -15 + 7).
99
Evaluate (-54 - (1 + -95)) + -31.
9
What is the value of -87 - -3 - 4 - -16?
-72
Calculate -50 - (13 + -18 + 54 - 21).
-78
27 + -44 + -65 - (26 - 55)
-53
What is -13 + (-58 - (27 - 83) - (-3 - (1 - -1)))?
-10
68 - (2 + 34 + 69 + -95)
58
What is the value of (-61 - -16 - -143) + -25?
73
What is -21 + 7 - (-17 + 19 + -3 + -4)?
-9
What is 7 - -15 - (90 - 69)?
1
Evaluate -22 + (-16 - (11 + -22 + -8 - -11)).
-30
Calculate (-9 + 25 + -96 - -5 - -15) + -13 + -1.
-74
-196 + (-138 - -305) - ((0 - -1) + -2)
-28
What is the value of 6 + (8 + 1 - 12